{"id":2195,"date":"2026-02-11T21:58:04","date_gmt":"2026-02-11T21:58:04","guid":{"rendered":"https:\/\/diversity-health.de\/home\/?page_id=2195"},"modified":"2026-05-09T20:26:14","modified_gmt":"2026-05-09T20:26:14","slug":"home-2","status":"publish","type":"page","link":"https:\/\/diversity-health.de\/home\/","title":{"rendered":"Home"},"content":{"rendered":"\n<div class=\"wp-block-uagb-container uagb-block-1bae3a6f alignfull uagb-is-root-container\"><div class=\"uagb-container-inner-blocks-wrap\">\n<div class=\"wp-block-uagb-info-box uagb-block-58364634 uagb-infobox__content-wrap  uagb-infobox-icon-above-title uagb-infobox-image-valign-top\"><div class=\"uagb-ifb-content\"><div class=\"uagb-ifb-title-wrap\"><p class=\"uagb-ifb-title-prefix\">Endlich da:<\/p><h1 class=\"uagb-ifb-title\">Gesundheit f\u00fcr Alle<\/h1><\/div><p class=\"uagb-ifb-desc\">Niko J\u00e1nos Riebel &#8211; Diversity &amp; Health ist der Partner f\u00fcr ein diversit\u00e4tssensibles Gesundheitsmanagement und  eine diversit\u00e4ts- sowie queersensible Gesundheitsversorgung. <\/p><\/div><\/div>\n<\/div><\/div>\n\n\n\n<div class=\"wp-block-uagb-container uagb-block-7a005b54 alignfull uagb-is-root-container\"><div class=\"uagb-container-inner-blocks-wrap\">\n<div class=\"wp-block-uagb-info-box uagb-block-a9767635 uagb-infobox__content-wrap  uagb-infobox-icon-above-title uagb-infobox-image-valign-top\"><div class=\"uagb-ifb-content\"><div class=\"uagb-ifb-title-wrap\"><p class=\"uagb-ifb-title-prefix\">Die Welt ist bunt.<\/p><h2 class=\"uagb-ifb-title\">Mein Angebot ist es auch:<\/h2><\/div><\/div><\/div>\n\n\n\n<div class=\"wp-block-uagb-container uagb-block-97fb9a0c\">\n<div class=\"wp-block-uagb-container uagb-block-0040a3a7\">\n<div class=\"wp-block-uagb-image alignleft uagb-block-4b480260 wp-block-uagb-image--layout-default wp-block-uagb-image--effect-static wp-block-uagb-image--align-left\"><figure class=\"wp-block-uagb-image__figure\"><img loading=\"lazy\" decoding=\"async\" srcset=\"https:\/\/diversity-health.de\/wp-content\/uploads\/2025\/05\/g9488d283faaf8dd43fab410001ca8bf5e9a6f731692d6ad1268d983f76a7eb5409481d48397d8cf20d869fc4de7a324df693bb97a42a3a5876c3bf8b4f1ef900_1280-1917895-1024x768.png ,https:\/\/diversity-health.de\/wp-content\/uploads\/2025\/05\/g9488d283faaf8dd43fab410001ca8bf5e9a6f731692d6ad1268d983f76a7eb5409481d48397d8cf20d869fc4de7a324df693bb97a42a3a5876c3bf8b4f1ef900_1280-1917895.png 780w, https:\/\/diversity-health.de\/wp-content\/uploads\/2025\/05\/g9488d283faaf8dd43fab410001ca8bf5e9a6f731692d6ad1268d983f76a7eb5409481d48397d8cf20d869fc4de7a324df693bb97a42a3a5876c3bf8b4f1ef900_1280-1917895.png 360w\" sizes=\"auto, (max-width: 480px) 150px\" src=\"https:\/\/diversity-health.de\/wp-content\/uploads\/2025\/05\/g9488d283faaf8dd43fab410001ca8bf5e9a6f731692d6ad1268d983f76a7eb5409481d48397d8cf20d869fc4de7a324df693bb97a42a3a5876c3bf8b4f1ef900_1280-1917895-1024x768.png\" alt=\"hands, team, united, together, people, unity, teamwork, group, hand in hand, union, support, friendship, cooperation, community, holding, connection, harmony, diversity, cut out, hands, hands, hands, hands, team, team, team, team, team, together, together, people, people, people, people, unity, teamwork, teamwork, group, support, support, friendship, friendship, community, community, community, community, connection, diversity, diversity, diversity, diversity\" class=\"uag-image-2023\" width=\"368\" height=\"276\" title=\"g9488d283faaf8dd43fab410001ca8bf5e9a6f731692d6ad1268d983f76a7eb5409481d48397d8cf20d869fc4de7a324df693bb97a42a3a5876c3bf8b4f1ef900_1280-1917895\" loading=\"lazy\" role=\"img\"\/><\/figure><\/div>\n\n\n\n<p class=\"has-medium-font-size\"><strong><a href=\"https:\/\/diversity-health.de\/riebel-diversity-health\/\" data-type=\"page\" data-id=\"1847\">Vielf\u00e4ltig gesund!<\/a><\/strong><\/p>\n\n\n\n<p>Das richtige Fortbildungs- und Unterst\u00fctzungsangebot f\u00fcr ein Betriebliches Gesundheitsmanagement und ein Diversit\u00e4tsmanagement. Weitere Fortbildungen f\u00fcr eine diversit\u00e4tssensible und queersensible Gesundheitsversorgung und Physiotherapie <\/p>\n\n\n\n<div class=\"wp-block-uagb-buttons uagb-buttons__outer-wrap uagb-btn__default-btn uagb-btn-tablet__default-btn uagb-btn-mobile__default-btn uagb-block-b511187a\"><div class=\"uagb-buttons__wrap uagb-buttons-layout-wrap \">\n<div class=\"wp-block-uagb-buttons-child uagb-buttons__outer-wrap uagb-block-f779a300 wp-block-button\"><div class=\"uagb-button__wrapper\"><a class=\"uagb-buttons-repeater wp-block-button__link\" aria-label=\"\" href=\"riebel-diversity-health\/\" rel=\"follow noopener\" target=\"_self\" role=\"button\"><div class=\"uagb-button__link\">mehr<\/div><\/a><\/div><\/div>\n<\/div><\/div>\n<\/div>\n\n\n\n<div class=\"wp-block-uagb-container uagb-block-1c7e2696\">\n<div class=\"wp-block-uagb-image alignleft uagb-block-28ffc13e wp-block-uagb-image--layout-default wp-block-uagb-image--effect-static wp-block-uagb-image--align-left\"><figure class=\"wp-block-uagb-image__figure\"><img loading=\"lazy\" decoding=\"async\" srcset=\"https:\/\/diversity-health.de\/wp-content\/uploads\/2025\/05\/Novoprevent_V03.jpg ,https:\/\/diversity-health.de\/wp-content\/uploads\/2025\/05\/Novoprevent_V03.jpg 780w, https:\/\/diversity-health.de\/wp-content\/uploads\/2025\/05\/Novoprevent_V03.jpg 360w\" sizes=\"auto, (max-width: 480px) 150px\" src=\"https:\/\/diversity-health.de\/wp-content\/uploads\/2025\/05\/Novoprevent_V03.jpg\" alt=\"\" class=\"uag-image-2025\" width=\"365\" height=\"276\" title=\"Novoprevent_V03\" loading=\"lazy\" role=\"img\"\/><\/figure><\/div>\n\n\n\n<p class=\"has-medium-font-size\"><a href=\"https:\/\/diversity-health.de\/novo-prevent-de\/\" data-type=\"page\" data-id=\"1704\"><strong>Novo Prevent<\/strong><\/a><\/p>\n\n\n\n<p>Queersensible und diversit\u00e4tssensible Physiotherapie und Pr\u00e4vention mit individuell passenden L\u00f6sungen. Hier gibt es verschiedene Angebote wie Krankengymnastik und Training. Einfach Ihr Weg zu mehr Gesundheit.<\/p>\n\n\n\n<div class=\"wp-block-uagb-buttons uagb-buttons__outer-wrap uagb-btn__default-btn uagb-btn-tablet__default-btn uagb-btn-mobile__default-btn uagb-block-36fdd51d\"><div class=\"uagb-buttons__wrap uagb-buttons-layout-wrap \">\n<div class=\"wp-block-uagb-buttons-child uagb-buttons__outer-wrap uagb-block-691d59a0 wp-block-button\"><div class=\"uagb-button__wrapper\"><a class=\"uagb-buttons-repeater wp-block-button__link\" aria-label=\"\" href=\"novo-prevent-de\/\" rel=\"follow noopener\" target=\"_self\" role=\"button\"><div class=\"uagb-button__link\">mehr<\/div><\/a><\/div><\/div>\n<\/div><\/div>\n<\/div>\n\n\n\n<div class=\"wp-block-uagb-container uagb-block-25dc9d10\">\n<div class=\"wp-block-uagb-image alignleft uagb-block-b0d1c975 wp-block-uagb-image--layout-default wp-block-uagb-image--effect-static wp-block-uagb-image--align-left\"><figure class=\"wp-block-uagb-image__figure\"><img loading=\"lazy\" decoding=\"async\" srcset=\"https:\/\/diversity-health.de\/wp-content\/uploads\/2025\/05\/pexels-photo-8275181-8275181-1024x683.jpg ,https:\/\/diversity-health.de\/wp-content\/uploads\/2025\/05\/pexels-photo-8275181-8275181-scaled.jpg 780w, https:\/\/diversity-health.de\/wp-content\/uploads\/2025\/05\/pexels-photo-8275181-8275181-scaled.jpg 360w\" sizes=\"auto, (max-width: 480px) 150px\" src=\"https:\/\/diversity-health.de\/wp-content\/uploads\/2025\/05\/pexels-photo-8275181-8275181-1024x683.jpg\" alt=\"Close-up of a transgender pride flag chalk drawing on rough pavement surface.\" class=\"uag-image-2027\" width=\"368\" height=\"276\" title=\"pexels-photo-8275181-8275181\" loading=\"lazy\" role=\"img\"\/><\/figure><\/div>\n\n\n\n<p class=\"has-medium-font-size\"><strong><a href=\"https:\/\/diversity-health.de\/gesundes-binding-de\/\" data-type=\"page\" data-id=\"1874\">Gesundes Binding<\/a><\/strong><\/p>\n\n\n\n<p>Das Chest-Binding kann viele Nebenwirkungen bedingen. Hier gibt es mehr Informationen, wie das Binding ges\u00fcnder gestaltet werden kann. Zudem kann mit physiotherapeutischen \u00dcbungen Beschwerden vorgebeugt werden. <\/p>\n\n\n\n<div class=\"wp-block-uagb-buttons uagb-buttons__outer-wrap uagb-btn__default-btn uagb-btn-tablet__default-btn uagb-btn-mobile__default-btn uagb-block-c6656b3d\"><div class=\"uagb-buttons__wrap uagb-buttons-layout-wrap \">\n<div class=\"wp-block-uagb-buttons-child uagb-buttons__outer-wrap uagb-block-a87d470f wp-block-button\"><div class=\"uagb-button__wrapper\"><a class=\"uagb-buttons-repeater wp-block-button__link\" aria-label=\"\" href=\"gesundes-binding-de\/\" rel=\"follow noopener\" target=\"_self\" role=\"button\"><div class=\"uagb-button__link\">mehr<\/div><\/a><\/div><\/div>\n<\/div><\/div>\n<\/div>\n<\/div>\n<\/div><\/div>\n\n\n\n<div class=\"wp-block-uagb-container uagb-block-70b9047c alignfull uagb-is-root-container\"><div class=\"uagb-container-inner-blocks-wrap\">\n<div class=\"wp-block-uagb-container uagb-block-9b32c386\">\n<div class=\"wp-block-uagb-info-box uagb-block-d15c3a18 uagb-infobox__content-wrap  uagb-infobox-icon-above-title uagb-infobox-image-valign-top\"><div class=\"uagb-ifb-content\"><div class=\"uagb-ifb-title-wrap\"><p class=\"uagb-ifb-title-prefix\">Meine Vision<\/p><h2 class=\"uagb-ifb-title\"><strong>Gesundheit und Vielfalt<\/strong><\/h2><\/div><\/div><\/div>\n\n\n\n<div class=\"wp-block-uagb-icon-list uagb-block-d64031de\"><div class=\"uagb-icon-list__wrap\">\n<div class=\"wp-block-uagb-icon-list-child uagb-block-29fe3e96\"><span class=\"uagb-icon-list__source-wrap\"><svg xmlns=\"https:\/\/www.w3.org\/2000\/svg\" viewBox=\"0 0 448 512\"><path d=\"M438.6 105.4C451.1 117.9 451.1 138.1 438.6 150.6L182.6 406.6C170.1 419.1 149.9 419.1 137.4 406.6L9.372 278.6C-3.124 266.1-3.124 245.9 9.372 233.4C21.87 220.9 42.13 220.9 54.63 233.4L159.1 338.7L393.4 105.4C405.9 92.88 426.1 92.88 438.6 105.4H438.6z\"><\/path><\/svg><\/span><span class=\"uagb-icon-list__label\">Ein Gesundheitswesen f\u00fcr alle Menschen<\/span><\/div>\n\n\n\n<div class=\"wp-block-uagb-icon-list-child uagb-block-d1b013a1\"><span class=\"uagb-icon-list__source-wrap\"><svg xmlns=\"https:\/\/www.w3.org\/2000\/svg\" viewBox=\"0 0 448 512\"><path d=\"M438.6 105.4C451.1 117.9 451.1 138.1 438.6 150.6L182.6 406.6C170.1 419.1 149.9 419.1 137.4 406.6L9.372 278.6C-3.124 266.1-3.124 245.9 9.372 233.4C21.87 220.9 42.13 220.9 54.63 233.4L159.1 338.7L393.4 105.4C405.9 92.88 426.1 92.88 438.6 105.4H438.6z\"><\/path><\/svg><\/span><span class=\"uagb-icon-list__label\">frei von Hindernissen<\/span><\/div>\n\n\n\n<div class=\"wp-block-uagb-icon-list-child uagb-block-05e4c4a6\"><span class=\"uagb-icon-list__source-wrap\"><svg xmlns=\"https:\/\/www.w3.org\/2000\/svg\" viewBox=\"0 0 448 512\"><path d=\"M438.6 105.4C451.1 117.9 451.1 138.1 438.6 150.6L182.6 406.6C170.1 419.1 149.9 419.1 137.4 406.6L9.372 278.6C-3.124 266.1-3.124 245.9 9.372 233.4C21.87 220.9 42.13 220.9 54.63 233.4L159.1 338.7L393.4 105.4C405.9 92.88 426.1 92.88 438.6 105.4H438.6z\"><\/path><\/svg><\/span><span class=\"uagb-icon-list__label\">ins Setting integriert<\/span><\/div>\n\n\n\n<div class=\"wp-block-uagb-icon-list-child uagb-block-9b5ba1c4\"><span class=\"uagb-icon-list__source-wrap\"><svg xmlns=\"https:\/\/www.w3.org\/2000\/svg\" viewBox=\"0 0 448 512\"><path d=\"M438.6 105.4C451.1 117.9 451.1 138.1 438.6 150.6L182.6 406.6C170.1 419.1 149.9 419.1 137.4 406.6L9.372 278.6C-3.124 266.1-3.124 245.9 9.372 233.4C21.87 220.9 42.13 220.9 54.63 233.4L159.1 338.7L393.4 105.4C405.9 92.88 426.1 92.88 438.6 105.4H438.6z\"><\/path><\/svg><\/span><span class=\"uagb-icon-list__label\">an die jeweiligen Bed\u00fcrfnisse angepasst<\/span><\/div>\n<\/div><\/div>\n\n\n\n<p>Meine Vision ist es allen Menschen die passende Gesundheitsdienstleistung ohne Barrieren zug\u00e4nglich zu machen. Ma\u00dfnahmen sollen sich nicht ziellos an eine breite Masse richten, die diese gar nicht braucht. Stattdessen sollen die Ma\u00dfnahmen passend und zielgerichtet angeboten werden.<\/p>\n<\/div>\n\n\n\n<div class=\"wp-block-uagb-container uagb-block-62375d4f\">\n<div class=\"wp-block-uagb-image alignleft uagb-block-aee24002 wp-block-uagb-image--layout-default wp-block-uagb-image--effect-static wp-block-uagb-image--align-left\"><figure class=\"wp-block-uagb-image__figure\"><img loading=\"lazy\" decoding=\"async\" srcset=\"https:\/\/diversity-health.de\/wp-content\/uploads\/2025\/05\/pexels-photo-1704120-1704120-1024x842.jpg ,https:\/\/diversity-health.de\/wp-content\/uploads\/2025\/05\/pexels-photo-1704120-1704120-scaled.jpg 780w, https:\/\/diversity-health.de\/wp-content\/uploads\/2025\/05\/pexels-photo-1704120-1704120-scaled.jpg 360w\" sizes=\"auto, (max-width: 480px) 150px\" src=\"https:\/\/diversity-health.de\/wp-content\/uploads\/2025\/05\/pexels-photo-1704120-1704120-1024x842.jpg\" alt=\"Colorful abstract acrylic painting with rainbow theme on canvas.\" class=\"uag-image-2083\" width=\"550\" height=\"450\" title=\"pexels-photo-1704120-1704120\" loading=\"lazy\" role=\"img\"\/><\/figure><\/div>\n<\/div>\n<\/div><\/div>\n\n\n\n<div class=\"wp-block-uagb-container uagb-block-c6598d20 alignfull uagb-is-root-container\"><div class=\"uagb-container-inner-blocks-wrap\">\n<div class=\"wp-block-columns alignwide is-layout-flex wp-container-core-columns-is-layout-1 wp-block-columns-is-layout-flex\">\n<div class=\"wp-block-column is-layout-flow wp-block-column-is-layout-flow\"><\/div>\n<\/div>\n<\/div><\/div>\n\n\n\n<div class=\"wp-block-uagb-container uagb-block-0f9c0beb alignfull uagb-is-root-container\"><div class=\"uagb-container-inner-blocks-wrap\">\n<div class=\"wp-block-uagb-image alignleft uagb-block-75bb3663 wp-block-uagb-image--layout-default wp-block-uagb-image--effect-static wp-block-uagb-image--align-left\"><figure class=\"wp-block-uagb-image__figure\"><img loading=\"lazy\" decoding=\"async\" srcset=\"https:\/\/diversity-health.de\/wp-content\/uploads\/2025\/05\/Passbild_2024-796x1024.jpg ,https:\/\/diversity-health.de\/wp-content\/uploads\/2025\/05\/Passbild_2024.jpg 780w, https:\/\/diversity-health.de\/wp-content\/uploads\/2025\/05\/Passbild_2024.jpg 360w\" sizes=\"auto, (max-width: 480px) 150px\" src=\"https:\/\/diversity-health.de\/wp-content\/uploads\/2025\/05\/Passbild_2024-796x1024.jpg\" alt=\"\" class=\"uag-image-2039\" width=\"550\" height=\"450\" title=\"Passbild_2024\" loading=\"lazy\" role=\"img\"\/><\/figure><\/div>\n\n\n\n<div class=\"wp-block-columns alignwide is-layout-flex wp-container-core-columns-is-layout-2 wp-block-columns-is-layout-flex\">\n<div class=\"wp-block-column is-layout-flow wp-block-column-is-layout-flow\">\n<p><strong><mark style=\"background-color:rgba(0, 0, 0, 0)\" class=\"has-inline-color has-ast-global-color-0-color\">\u00dcber mich<\/mark><\/strong><\/p>\n\n\n\n<h2 class=\"wp-block-heading\"><strong>Niko J\u00e1nos Riebel<\/strong><\/h2>\n<\/div>\n<\/div>\n\n\n\n<p class=\"has-medium-font-size\" style=\"border-style:none;border-width:0px\">Ich bin  M.A. in Angewandten Gesundheits- und Therapiewissenschaften. Auch bin ich Fachkraft f\u00fcr Diversity Management und Physiotherapeut. Zudem habe ich ein Zertifikatsstudium im Betrieblichen Gesundheitsmanagement absolviert.<\/p>\n<\/div><\/div>\n\n\n\n<div class=\"wp-block-uagb-container uagb-block-8c26ee62 alignfull uagb-is-root-container\"><div class=\"uagb-container-inner-blocks-wrap\">\n<div class=\"wp-block-uagb-info-box uagb-block-1b12bbad uagb-infobox__content-wrap  uagb-infobox-icon-above-title uagb-infobox-image-valign-top\"><div class=\"uagb-ifb-content\"><div class=\"uagb-ifb-title-wrap\"><p class=\"uagb-ifb-title-prefix\">Meine Partner*innen<\/p><h3 class=\"uagb-ifb-title\">Gemeinsam mehr erreichen<\/h3><\/div><\/div><\/div>\n\n\n\n<div class=\"wp-block-uagb-container uagb-block-ddec29b0\">\n<div class=\"wp-block-uagb-container uagb-block-c076fa8a\">\n<div class=\"wp-block-uagb-advanced-heading uagb-block-bfa48fa1\"><p class=\"uagb-heading-text\">Mein komptenter Partner f\u00fcr die Betriebliche Gesundheitsf\u00f6rderung im Rahmen des Betrieblichen Gesundheitsmanagements.<\/p><\/div>\n\n\n\n<div class=\"wp-block-uagb-image aligncenter uagb-block-6cbff437 wp-block-uagb-image--layout-default wp-block-uagb-image--effect-static wp-block-uagb-image--align-center\"><figure class=\"wp-block-uagb-image__figure\"><img loading=\"lazy\" decoding=\"async\" srcset=\"https:\/\/diversity-health.de\/wp-content\/uploads\/2025\/05\/Logo-Kurasan.jpg ,https:\/\/diversity-health.de\/wp-content\/uploads\/2025\/05\/Logo-Kurasan.jpg 780w, https:\/\/diversity-health.de\/wp-content\/uploads\/2025\/05\/Logo-Kurasan.jpg 360w\" sizes=\"auto, (max-width: 480px) 150px\" src=\"https:\/\/diversity-health.de\/wp-content\/uploads\/2025\/05\/Logo-Kurasan.jpg\" alt=\"\" class=\"uag-image-2080\" width=\"41\" height=\"22\" title=\"Screenshot\" loading=\"lazy\" role=\"img\"\/><\/figure><\/div>\n\n\n\n<div class=\"wp-block-uagb-advanced-heading uagb-block-7e8a3a69\"><p class=\"uagb-heading-text\"><a href=\"https:\/\/www.kurasan-karlsruhe.de\/\" data-type=\"link\" data-id=\"https:\/\/www.kurasan-karlsruhe.de\/\" target=\"_blank\" rel=\"noreferrer noopener\">KURASAN-Physiotherapie<\/a><\/p><\/div>\n<\/div>\n\n\n\n<div class=\"wp-block-uagb-container uagb-block-5b5e3955\">\n<div class=\"wp-block-uagb-advanced-heading uagb-block-6b059ca3\"><p class=\"uagb-heading-text\">Mit Spotlight habe ich einen tollen Partner gefunden f\u00fcr die Beratung und Betreuung von trans Personen. Deren Expertise hat mich richtig weitergebracht. <\/p><\/div>\n\n\n\n<div class=\"wp-block-uagb-image aligncenter uagb-block-3fab6458 wp-block-uagb-image--layout-default wp-block-uagb-image--effect-static wp-block-uagb-image--align-center\"><figure class=\"wp-block-uagb-image__figure\"><img loading=\"lazy\" decoding=\"async\" srcset=\"https:\/\/diversity-health.de\/wp-content\/uploads\/2025\/05\/Spotlight.jpg ,https:\/\/diversity-health.de\/wp-content\/uploads\/2025\/05\/Spotlight.jpg 780w, https:\/\/diversity-health.de\/wp-content\/uploads\/2025\/05\/Spotlight.jpg 360w\" sizes=\"auto, (max-width: 480px) 150px\" src=\"https:\/\/diversity-health.de\/wp-content\/uploads\/2025\/05\/Spotlight.jpg\" alt=\"\" class=\"uag-image-2072\" width=\"40\" height=\"39\" title=\"Spotlight\" loading=\"lazy\" role=\"img\"\/><\/figure><\/div>\n\n\n\n<div class=\"wp-block-uagb-advanced-heading uagb-block-85c8d43c\"><p class=\"uagb-heading-text\"><a href=\"https:\/\/www.spotlight-pforzheim.de\" target=\"_blank\" rel=\"noreferrer noopener\">Spotlight Pforzheim<\/a><\/p><\/div>\n<\/div>\n\n\n\n<div class=\"wp-block-uagb-container uagb-block-e4287cf0\">\n<div class=\"wp-block-uagb-advanced-heading uagb-block-ec0b87c9\"><p class=\"uagb-heading-text\">Mit ZeSIA in Karlsruhe habe ich einen weiteren Partner zum Thema Diversity und Gesundheit an der Seite.<\/p><\/div>\n\n\n\n<div class=\"wp-block-uagb-image aligncenter uagb-block-a84cea63 wp-block-uagb-image--layout-default wp-block-uagb-image--effect-static wp-block-uagb-image--align-center\"><figure class=\"wp-block-uagb-image__figure\"><img loading=\"lazy\" decoding=\"async\" srcset=\"https:\/\/diversity-health.de\/wp-content\/uploads\/2025\/05\/ZeSIA.jpg ,https:\/\/diversity-health.de\/wp-content\/uploads\/2025\/05\/ZeSIA.jpg 780w, https:\/\/diversity-health.de\/wp-content\/uploads\/2025\/05\/ZeSIA.jpg 360w\" sizes=\"auto, (max-width: 480px) 150px\" src=\"https:\/\/diversity-health.de\/wp-content\/uploads\/2025\/05\/ZeSIA.jpg\" alt=\"\" class=\"uag-image-2081\" width=\"33\" height=\"48\" title=\"Screenshot\" loading=\"lazy\" role=\"img\"\/><\/figure><\/div>\n\n\n\n<div class=\"wp-block-uagb-advanced-heading uagb-block-6ae10adc\"><p class=\"uagb-heading-text\"><a href=\"https:\/\/www.zesia-ka.de\/de\" target=\"_blank\" rel=\"noreferrer noopener\">ZeSIA Karlsruhe<\/a><\/p><\/div>\n<\/div>\n<\/div>\n<\/div><\/div>\n\n\n\n<div class=\"wp-block-uagb-container uagb-block-47e6ca19 alignfull uagb-is-root-container\"><div class=\"uagb-container-inner-blocks-wrap\"><\/div><\/div>\n\n\n\n<p><\/p>\n","protected":false},"excerpt":{"rendered":"<p>Vielf\u00e4ltig gesund! Das richtige Fortbildungs- und Unterst\u00fctzungsangebot f\u00fcr ein Betriebliches Gesundheitsmanagement und ein Diversit\u00e4tsmanagement. Weitere Fortbildungen f\u00fcr eine diversit\u00e4tssensible und queersensible Gesundheitsversorgung und Physiotherapie Novo Prevent Queersensible und diversit\u00e4tssensible Physiotherapie [&hellip;]<\/p>\n","protected":false},"author":1,"featured_media":0,"parent":0,"menu_order":0,"comment_status":"closed","ping_status":"closed","template":"","meta":{"_uag_custom_page_level_css":"","site-sidebar-layout":"no-sidebar","site-content-layout":"","ast-site-content-layout":"normal-width-container","site-content-style":"default","site-sidebar-style":"default","ast-global-header-display":"","ast-banner-title-visibility":"","ast-main-header-display":"","ast-hfb-above-header-display":"","ast-hfb-below-header-display":"","ast-hfb-mobile-header-display":"","site-post-title":"disabled","ast-breadcrumbs-content":"","ast-featured-img":"","footer-sml-layout":"","ast-disable-related-posts":"","theme-transparent-header-meta":"enabled","adv-header-id-meta":"","stick-header-meta":"","header-above-stick-meta":"","header-main-stick-meta":"","header-below-stick-meta":"","astra-migrate-meta-layouts":"default","ast-page-background-enabled":"default","ast-page-background-meta":{"desktop":{"background-color":"var(--ast-global-color-4)","background-image":"","background-repeat":"repeat","background-position":"center center","background-size":"auto","background-attachment":"scroll","background-type":"","background-media":"","overlay-type":"","overlay-color":"","overlay-opacity":"","overlay-gradient":""},"tablet":{"background-color":"","background-image":"","background-repeat":"repeat","background-position":"center center","background-size":"auto","background-attachment":"scroll","background-type":"","background-media":"","overlay-type":"","overlay-color":"","overlay-opacity":"","overlay-gradient":""},"mobile":{"background-color":"","background-image":"","background-repeat":"repeat","background-position":"center center","background-size":"auto","background-attachment":"scroll","background-type":"","background-media":"","overlay-type":"","overlay-color":"","overlay-opacity":"","overlay-gradient":""}},"ast-content-background-meta":{"desktop":{"background-color":"var(--ast-global-color-5)","background-image":"","background-repeat":"repeat","background-position":"center center","background-size":"auto","background-attachment":"scroll","background-type":"","background-media":"","overlay-type":"","overlay-color":"","overlay-opacity":"","overlay-gradient":""},"tablet":{"background-color":"var(--ast-global-color-5)","background-image":"","background-repeat":"repeat","background-position":"center center","background-size":"auto","background-attachment":"scroll","background-type":"","background-media":"","overlay-type":"","overlay-color":"","overlay-opacity":"","overlay-gradient":""},"mobile":{"background-color":"var(--ast-global-color-5)","background-image":"","background-repeat":"repeat","background-position":"center center","background-size":"auto","background-attachment":"scroll","background-type":"","background-media":"","overlay-type":"","overlay-color":"","overlay-opacity":"","overlay-gradient":""}},"footnotes":""},"class_list":["post-2195","page","type-page","status-publish","hentry"],"uagb_featured_image_src":{"full":false,"thumbnail":false,"medium":false,"medium_large":false,"large":false,"1536x1536":false,"2048x2048":false},"uagb_author_info":{"display_name":"admin","author_link":"https:\/\/diversity-health.de\/home\/author\/admin\/"},"uagb_comment_info":0,"uagb_excerpt":"Vielf\u00e4ltig gesund! Das richtige Fortbildungs- und Unterst\u00fctzungsangebot f\u00fcr ein Betriebliches Gesundheitsmanagement und ein Diversit\u00e4tsmanagement. Weitere Fortbildungen f\u00fcr eine diversit\u00e4tssensible und queersensible Gesundheitsversorgung und Physiotherapie Novo Prevent Queersensible und diversit\u00e4tssensible Physiotherapie [&hellip;]","_links":{"self":[{"href":"https:\/\/diversity-health.de\/home\/wp-json\/wp\/v2\/pages\/2195","targetHints":{"allow":["GET"]}}],"collection":[{"href":"https:\/\/diversity-health.de\/home\/wp-json\/wp\/v2\/pages"}],"about":[{"href":"https:\/\/diversity-health.de\/home\/wp-json\/wp\/v2\/types\/page"}],"author":[{"embeddable":true,"href":"https:\/\/diversity-health.de\/home\/wp-json\/wp\/v2\/users\/1"}],"replies":[{"embeddable":true,"href":"https:\/\/diversity-health.de\/home\/wp-json\/wp\/v2\/comments?post=2195"}],"version-history":[{"count":2,"href":"https:\/\/diversity-health.de\/home\/wp-json\/wp\/v2\/pages\/2195\/revisions"}],"predecessor-version":[{"id":2223,"href":"https:\/\/diversity-health.de\/home\/wp-json\/wp\/v2\/pages\/2195\/revisions\/2223"}],"wp:attachment":[{"href":"https:\/\/diversity-health.de\/home\/wp-json\/wp\/v2\/media?parent=2195"}],"curies":[{"name":"wp","href":"https:\/\/api.w.org\/{rel}","templated":true}]}}