{"id":1847,"date":"2025-04-09T20:21:50","date_gmt":"2025-04-09T20:21:50","guid":{"rendered":"https:\/\/diversity-health.de\/?page_id=1847"},"modified":"2026-02-11T22:06:43","modified_gmt":"2026-02-11T22:06:43","slug":"riebel-diversity-health","status":"publish","type":"page","link":"https:\/\/diversity-health.de\/home\/riebel-diversity-health\/","title":{"rendered":"Niko Riebel &#8211; Diversity&#038;Health"},"content":{"rendered":"\n<div class=\"wp-block-uagb-container uagb-block-1bae3a6f alignfull uagb-is-root-container\"><div class=\"uagb-container-inner-blocks-wrap\">\n<p class=\"has-text-align-center has-ast-global-color-5-color has-text-color has-link-color has-medium-font-size wp-elements-c33173d79165cc7c26362416eb47820f\">Diversity &amp; Health<\/p>\n\n\n\n<p class=\"has-text-align-center has-ast-global-color-5-color has-text-color has-link-color has-x-large-font-size wp-elements-43b13fb00b7cf7d79a734029ae1af71e\"><strong>Vielf\u00e4ltig gesund!<\/strong><\/p>\n\n\n\n<p class=\"has-text-align-center has-ast-global-color-5-color has-text-color has-link-color wp-elements-3999ca84851bda76a549621000cac717\"><a href=\"https:\/\/diversity-health.de\/diversity-bgm\/\" data-type=\"page\" data-id=\"1915\">Diversity Management &amp; BGM<\/a> | <a href=\"https:\/\/diversity-health.de\/cpk\/\" data-type=\"page\" data-id=\"1950\">Schulungen Gesundheitswesen<\/a><\/p>\n<\/div><\/div>\n\n\n\n<div class=\"wp-block-uagb-container uagb-block-7a005b54 alignfull uagb-is-root-container\"><div class=\"uagb-container-inner-blocks-wrap\">\n<div class=\"wp-block-uagb-info-box uagb-block-a9767635 uagb-infobox__content-wrap  uagb-infobox-icon-above-title uagb-infobox-image-valign-top\"><div class=\"uagb-ifb-content\"><div class=\"uagb-ifb-title-wrap\"><p class=\"uagb-ifb-title-prefix\">Herzlich Willkommen bei<\/p><h2 class=\"uagb-ifb-title\">Niko Riebel &#8211; Diversity &amp; Health<\/h2><\/div><\/div><\/div>\n\n\n\n<p class=\"has-text-align-center\">Das Diversity-Management ist der entscheidende Schl\u00fcssel, um Menschen zu erreichen. Gerade im Gesundheitswesen und auch in anderen Branchen ist es bei anhaltendem Mangel an gutausgebildetem Fachpersonal der Faktor, um Fachkr\u00e4fte zu gewinnen und Patient*innen bzw.<br>Kund*innen ad\u00e4quat zu versorgen bzw. zu betreuen.<\/p>\n\n\n\n<div class=\"wp-block-uagb-container uagb-block-97fb9a0c\">\n<div class=\"wp-block-uagb-container uagb-block-0040a3a7\">\n<div class=\"wp-block-uagb-image alignleft uagb-block-4b480260 wp-block-uagb-image--layout-default wp-block-uagb-image--effect-static wp-block-uagb-image--align-left\"><figure class=\"wp-block-uagb-image__figure\"><img loading=\"lazy\" decoding=\"async\" srcset=\"https:\/\/diversity-health.de\/wp-content\/uploads\/2025\/05\/g9488d283faaf8dd43fab410001ca8bf5e9a6f731692d6ad1268d983f76a7eb5409481d48397d8cf20d869fc4de7a324df693bb97a42a3a5876c3bf8b4f1ef900_1280-1917895-1024x768.png ,https:\/\/diversity-health.de\/wp-content\/uploads\/2025\/05\/g9488d283faaf8dd43fab410001ca8bf5e9a6f731692d6ad1268d983f76a7eb5409481d48397d8cf20d869fc4de7a324df693bb97a42a3a5876c3bf8b4f1ef900_1280-1917895.png 780w, https:\/\/diversity-health.de\/wp-content\/uploads\/2025\/05\/g9488d283faaf8dd43fab410001ca8bf5e9a6f731692d6ad1268d983f76a7eb5409481d48397d8cf20d869fc4de7a324df693bb97a42a3a5876c3bf8b4f1ef900_1280-1917895.png 360w\" sizes=\"auto, (max-width: 480px) 150px\" src=\"https:\/\/diversity-health.de\/wp-content\/uploads\/2025\/05\/g9488d283faaf8dd43fab410001ca8bf5e9a6f731692d6ad1268d983f76a7eb5409481d48397d8cf20d869fc4de7a324df693bb97a42a3a5876c3bf8b4f1ef900_1280-1917895-1024x768.png\" alt=\"hands, team, united, together, people, unity, teamwork, group, hand in hand, union, support, friendship, cooperation, community, holding, connection, harmony, diversity, cut out, hands, hands, hands, hands, team, team, team, team, team, together, together, people, people, people, people, unity, teamwork, teamwork, group, support, support, friendship, friendship, community, community, community, community, connection, diversity, diversity, diversity, diversity\" class=\"uag-image-2023\" width=\"368\" height=\"276\" title=\"g9488d283faaf8dd43fab410001ca8bf5e9a6f731692d6ad1268d983f76a7eb5409481d48397d8cf20d869fc4de7a324df693bb97a42a3a5876c3bf8b4f1ef900_1280-1917895\" loading=\"lazy\" role=\"img\"\/><\/figure><\/div>\n\n\n\n<p class=\"has-medium-font-size\"><strong><a href=\"https:\/\/diversity-health.de\/diversity-bgm\/\" data-type=\"page\" data-id=\"1915\">Diversity-Management &#8211; Vielfalt leben<\/a><\/strong><\/p>\n\n\n\n<p>Unsere Gesellschaft ist divers und immer mehr Unternehmen agieren international. So ist das Diversity-Management eines der Schlagworte unserer Zeit. Es ist eines der entscheidende Faktoren in Zeiten des Fachkr\u00e4ftemangels und spielt auch im Gesundheitswesen eine zunehmende Rolle.                         <\/p>\n\n\n\n<div class=\"wp-block-uagb-buttons uagb-buttons__outer-wrap uagb-btn__default-btn uagb-btn-tablet__default-btn uagb-btn-mobile__default-btn uagb-block-b511187a\"><div class=\"uagb-buttons__wrap uagb-buttons-layout-wrap \">\n<div class=\"wp-block-uagb-buttons-child uagb-buttons__outer-wrap uagb-block-f779a300 wp-block-button\"><div class=\"uagb-button__wrapper\"><a class=\"uagb-buttons-repeater wp-block-button__link\" aria-label=\"\" href=\"diversity-bgm\/\" rel=\"follow noopener\" target=\"_self\" role=\"button\"><div class=\"uagb-button__link\">mehr<\/div><\/a><\/div><\/div>\n<\/div><\/div>\n<\/div>\n\n\n\n<div class=\"wp-block-uagb-container uagb-block-1c7e2696\">\n<div class=\"wp-block-uagb-image alignleft uagb-block-28ffc13e wp-block-uagb-image--layout-default wp-block-uagb-image--effect-static wp-block-uagb-image--align-left\"><figure class=\"wp-block-uagb-image__figure\"><img loading=\"lazy\" decoding=\"async\" srcset=\"https:\/\/diversity-health.de\/wp-content\/uploads\/2025\/05\/pexels-photo-210661-210661-1024x683.jpg ,https:\/\/diversity-health.de\/wp-content\/uploads\/2025\/05\/pexels-photo-210661-210661-scaled.jpg 780w, https:\/\/diversity-health.de\/wp-content\/uploads\/2025\/05\/pexels-photo-210661-210661-scaled.jpg 360w\" sizes=\"auto, (max-width: 480px) 150px\" src=\"https:\/\/diversity-health.de\/wp-content\/uploads\/2025\/05\/pexels-photo-210661-210661-1024x683.jpg\" alt=\"Close-up of hand writing in notebook using a blue pen, focus on creativity.\" class=\"uag-image-2090\" width=\"365\" height=\"276\" title=\"pexels-photo-210661-210661\" loading=\"lazy\" role=\"img\"\/><\/figure><\/div>\n\n\n\n<p class=\"has-medium-font-size\"><strong><a href=\"https:\/\/diversity-health.de\/diversity-bgm\/\" data-type=\"page\" data-id=\"1915\">BGM &#8211; Betriebliches Gesundheitsmanagement<\/a><\/strong><\/p>\n\n\n\n<p>Mit einem individuell zugeschnittenem Betrieblichen Gesundheistmanagement (BGM) ist ein Unternehmen bestens f\u00fcr die Zukunft vorbereitet. Gerade in Zeiten des demographischen Wandels ist ein BGM nicht mehr wegzudenken, um Fachkr\u00e4fte zu halten und zu gewinnen.<\/p>\n\n\n\n<div class=\"wp-block-uagb-buttons uagb-buttons__outer-wrap uagb-btn__default-btn uagb-btn-tablet__default-btn uagb-btn-mobile__default-btn uagb-block-36fdd51d\"><div class=\"uagb-buttons__wrap uagb-buttons-layout-wrap \">\n<div class=\"wp-block-uagb-buttons-child uagb-buttons__outer-wrap uagb-block-691d59a0 wp-block-button\"><div class=\"uagb-button__wrapper\"><a class=\"uagb-buttons-repeater wp-block-button__link\" aria-label=\"\" href=\"diversity-bgm\/\" rel=\"follow noopener\" target=\"_self\" role=\"button\"><div class=\"uagb-button__link\">mehr<\/div><\/a><\/div><\/div>\n<\/div><\/div>\n<\/div>\n\n\n\n<div class=\"wp-block-uagb-container uagb-block-25dc9d10\">\n<div class=\"wp-block-uagb-image alignleft uagb-block-b0d1c975 wp-block-uagb-image--layout-default wp-block-uagb-image--effect-static wp-block-uagb-image--align-left\"><figure class=\"wp-block-uagb-image__figure\"><img loading=\"lazy\" decoding=\"async\" srcset=\"https:\/\/diversity-health.de\/wp-content\/uploads\/2025\/05\/g8e94dfd5e83ae4a5e82506969e68cb5ffcb05b9b227c96bd8b3bca4370c2fb277ad4ea09534993a9decb47c57cac4f9f2c1c4d0bad556adcbacf3e71937b8936_1280-4333580-1024x682.jpg ,https:\/\/diversity-health.de\/wp-content\/uploads\/2025\/05\/g8e94dfd5e83ae4a5e82506969e68cb5ffcb05b9b227c96bd8b3bca4370c2fb277ad4ea09534993a9decb47c57cac4f9f2c1c4d0bad556adcbacf3e71937b8936_1280-4333580.jpg 780w, https:\/\/diversity-health.de\/wp-content\/uploads\/2025\/05\/g8e94dfd5e83ae4a5e82506969e68cb5ffcb05b9b227c96bd8b3bca4370c2fb277ad4ea09534993a9decb47c57cac4f9f2c1c4d0bad556adcbacf3e71937b8936_1280-4333580.jpg 360w\" sizes=\"auto, (max-width: 480px) 150px\" src=\"https:\/\/diversity-health.de\/wp-content\/uploads\/2025\/05\/g8e94dfd5e83ae4a5e82506969e68cb5ffcb05b9b227c96bd8b3bca4370c2fb277ad4ea09534993a9decb47c57cac4f9f2c1c4d0bad556adcbacf3e71937b8936_1280-4333580-1024x682.jpg\" alt=\"zumba, marathon, sport, exercise, dance, women, dancers, girls, performance, movement, dancing, freedom, female, zumba, exercise, exercise, exercise, exercise, exercise\" class=\"uag-image-2094\" width=\"368\" height=\"276\" title=\"g8e94dfd5e83ae4a5e82506969e68cb5ffcb05b9b227c96bd8b3bca4370c2fb277ad4ea09534993a9decb47c57cac4f9f2c1c4d0bad556adcbacf3e71937b8936_1280-4333580\" loading=\"lazy\" role=\"img\"\/><\/figure><\/div>\n\n\n\n<p class=\"has-medium-font-size\"><a href=\"https:\/\/diversity-health.de\/cpk\/\" data-type=\"page\" data-id=\"1950\"><strong>Schulungen\/Keynotes in der Physiotherapie und im Gesundheitswesen<\/strong><\/a><\/p>\n\n\n\n<p>Auch im Gesundheitswesen spielt die Diversit\u00e4t eine immer wichtigere Rolle. Mit speziellen Schulungsangeboten bereite ich Menschen in der Physiotherapie darauf vor. Dazu geh\u00f6rt u.a. das Chest-Physio-Konzept (CPK). Es ist ein spezielles Behandlungskonzept in der Physiotherapie f\u00fcr Menschen, die Chest-Binding praktizieren.<\/p>\n\n\n\n<div class=\"wp-block-uagb-buttons uagb-buttons__outer-wrap uagb-btn__default-btn uagb-btn-tablet__default-btn uagb-btn-mobile__default-btn uagb-block-c6656b3d\"><div class=\"uagb-buttons__wrap uagb-buttons-layout-wrap \">\n<div class=\"wp-block-uagb-buttons-child uagb-buttons__outer-wrap uagb-block-a87d470f wp-block-button\"><div class=\"uagb-button__wrapper\"><a class=\"uagb-buttons-repeater wp-block-button__link\" aria-label=\"\" href=\"cpk\/\" rel=\"follow noopener\" target=\"_self\" role=\"button\"><div class=\"uagb-button__link\">mehr<\/div><\/a><\/div><\/div>\n<\/div><\/div>\n<\/div>\n<\/div>\n<\/div><\/div>\n\n\n\n<div class=\"wp-block-uagb-container uagb-block-70b9047c alignfull uagb-is-root-container\"><div class=\"uagb-container-inner-blocks-wrap\">\n<div class=\"wp-block-uagb-container uagb-block-9b32c386\">\n<div class=\"wp-block-uagb-info-box uagb-block-d15c3a18 uagb-infobox__content-wrap  uagb-infobox-icon-above-title uagb-infobox-image-valign-top\"><div class=\"uagb-ifb-content\"><div class=\"uagb-ifb-title-wrap\"><p class=\"uagb-ifb-title-prefix\">Fachkr\u00e4ftemangel und Internationalisierung<\/p><h2 class=\"uagb-ifb-title\"><strong>Auf in die Zukunft<\/strong><\/h2><\/div><\/div><\/div>\n\n\n\n<p>Der Fachkr\u00e4ftemangel wird sich in den n\u00e4chsten Jahren erst noch richtig zuspitzen, wenn immer mehr Menschen aus den geburtenstarken Jahrg\u00e4ngen das Arbeitsleben verlassen. Mit einem Diversity-Management genauso wie mit einem Betrieblichen Gesundheitsmanagement k\u00f6nnen Fachkr\u00e4fte im Gesundheitswesen und auch in allen weiteren Branchen gewonnen und gehalten werden. Hierzu braucht es einen ganzheitlichen, auf das Unternehmen abgestimmten und nicht \u00fcberdimensionierten Ansatz.<\/p>\n\n\n\n<p>Der Wettbewerb auf einem internationalen Markt wird immer h\u00e4rter. Wer sich behaupten m\u00f6chte, braucht spezifische Angebote und die passende Ansprache der jeweiligen Zielgruppe. Auch im Gesundheits- und Sozialwesen gibt es Herausforderungen die Zielgruppen mit den jeweiligen Hilfen zu erreichen. Ein vielf\u00e4ltig aufgestelltes Team und ein Diversity-Management ist hier ein wichtiger Schl\u00fcssel neben dem Gewinn an Fachkr\u00e4ften auch Kund*innen zu binden bzw. die Zielgruppe zu erreichen.<\/p>\n<\/div>\n\n\n\n<div class=\"wp-block-uagb-container uagb-block-62375d4f\">\n<div class=\"wp-block-uagb-image alignleft uagb-block-aee24002 wp-block-uagb-image--layout-default wp-block-uagb-image--effect-static wp-block-uagb-image--align-left\"><figure class=\"wp-block-uagb-image__figure\"><img loading=\"lazy\" decoding=\"async\" srcset=\"https:\/\/diversity-health.de\/wp-content\/uploads\/2025\/05\/pexels-photo-414860-414860-1024x941.jpg ,https:\/\/diversity-health.de\/wp-content\/uploads\/2025\/05\/pexels-photo-414860-414860-scaled.jpg 780w, https:\/\/diversity-health.de\/wp-content\/uploads\/2025\/05\/pexels-photo-414860-414860-scaled.jpg 360w\" sizes=\"auto, (max-width: 480px) 150px\" src=\"https:\/\/diversity-health.de\/wp-content\/uploads\/2025\/05\/pexels-photo-414860-414860-1024x941.jpg\" alt=\"Close-up of a plasma globe with vibrant neon sparks against a dark background.\" class=\"uag-image-2095\" width=\"550\" height=\"450\" title=\"pexels-photo-414860-414860\" loading=\"lazy\" role=\"img\"\/><\/figure><\/div>\n<\/div>\n<\/div><\/div>\n\n\n\n<div class=\"wp-block-uagb-container uagb-block-c6598d20 alignfull uagb-is-root-container\"><div class=\"uagb-container-inner-blocks-wrap\">\n<div class=\"wp-block-columns alignwide is-layout-flex wp-container-core-columns-is-layout-1 wp-block-columns-is-layout-flex\">\n<div class=\"wp-block-column is-layout-flow wp-block-column-is-layout-flow\"><\/div>\n<\/div>\n<\/div><\/div>\n\n\n\n<div class=\"wp-block-uagb-container uagb-block-0f9c0beb alignfull uagb-is-root-container\"><div class=\"uagb-container-inner-blocks-wrap\">\n<div class=\"wp-block-uagb-image alignleft uagb-block-75bb3663 wp-block-uagb-image--layout-default wp-block-uagb-image--effect-static wp-block-uagb-image--align-left\"><figure class=\"wp-block-uagb-image__figure\"><img loading=\"lazy\" decoding=\"async\" srcset=\"https:\/\/diversity-health.de\/wp-content\/uploads\/2025\/05\/Passbild_2024-796x1024.jpg ,https:\/\/diversity-health.de\/wp-content\/uploads\/2025\/05\/Passbild_2024.jpg 780w, https:\/\/diversity-health.de\/wp-content\/uploads\/2025\/05\/Passbild_2024.jpg 360w\" sizes=\"auto, (max-width: 480px) 150px\" src=\"https:\/\/diversity-health.de\/wp-content\/uploads\/2025\/05\/Passbild_2024-796x1024.jpg\" alt=\"\" class=\"uag-image-2039\" width=\"550\" height=\"450\" title=\"Passbild_2024\" loading=\"lazy\" role=\"img\"\/><\/figure><\/div>\n\n\n\n<div class=\"wp-block-columns alignwide is-layout-flex wp-container-core-columns-is-layout-2 wp-block-columns-is-layout-flex\">\n<div class=\"wp-block-column is-layout-flow wp-block-column-is-layout-flow\">\n<p><strong><mark style=\"background-color:rgba(0, 0, 0, 0)\" class=\"has-inline-color has-ast-global-color-0-color\">\u00dcber mich<\/mark><\/strong><\/p>\n\n\n\n<h2 class=\"wp-block-heading\"><strong>Niko J\u00e1nos Riebel<\/strong><\/h2>\n<\/div>\n<\/div>\n\n\n\n<p class=\"has-medium-font-size\" style=\"border-style:none;border-width:0px\">Ich bin Physiotherapeut, M.A. in Angewandten Gesundheits- und Therapiewissenschaften. Auch bin ich Fachkraft f\u00fcr Diversity Management. Zudem habe ich ein Zertifikatsstudium im Betrieblichen Gesundheitsmanagement absolviert.<\/p>\n<\/div><\/div>\n\n\n\n<div class=\"wp-block-uagb-container uagb-block-8c26ee62 alignfull uagb-is-root-container\"><div class=\"uagb-container-inner-blocks-wrap\">\n<div class=\"wp-block-uagb-info-box uagb-block-1b12bbad uagb-infobox__content-wrap  uagb-infobox-icon-above-title uagb-infobox-image-valign-top\"><div class=\"uagb-ifb-content\"><div class=\"uagb-ifb-title-wrap\"><p class=\"uagb-ifb-title-prefix\">Meine Partner*innen<\/p><h3 class=\"uagb-ifb-title\">Gemeinsam mehr erreichen<\/h3><\/div><\/div><\/div>\n\n\n\n<div class=\"wp-block-uagb-container uagb-block-ddec29b0\">\n<div class=\"wp-block-uagb-container uagb-block-c076fa8a\">\n<div class=\"wp-block-uagb-advanced-heading uagb-block-bfa48fa1\"><p class=\"uagb-heading-text\">Mein komptenter Partner f\u00fcr die Betriebliche Gesundheitsf\u00f6rderung im Rahmen des Betrieblichen Gesundheitsmanagements.<\/p><\/div>\n\n\n\n<div class=\"wp-block-uagb-image aligncenter uagb-block-6cbff437 wp-block-uagb-image--layout-default wp-block-uagb-image--effect-static wp-block-uagb-image--align-center\"><figure class=\"wp-block-uagb-image__figure\"><img loading=\"lazy\" decoding=\"async\" srcset=\"https:\/\/diversity-health.de\/wp-content\/uploads\/2025\/05\/Logo-Kurasan-e1747256572923.jpg ,https:\/\/diversity-health.de\/wp-content\/uploads\/2025\/05\/Logo-Kurasan-e1747256572923.jpg 780w, https:\/\/diversity-health.de\/wp-content\/uploads\/2025\/05\/Logo-Kurasan-e1747256572923.jpg 360w\" sizes=\"auto, (max-width: 480px) 150px\" src=\"https:\/\/diversity-health.de\/wp-content\/uploads\/2025\/05\/Logo-Kurasan-e1747256572923.jpg\" alt=\"\" class=\"uag-image-2080\" width=\"50\" height=\"50\" title=\"Screenshot\" loading=\"lazy\" role=\"img\"\/><\/figure><\/div>\n\n\n\n<div class=\"wp-block-uagb-advanced-heading uagb-block-7e8a3a69\"><p class=\"uagb-heading-text\"><a href=\"https:\/\/www.kurasan-karlsruhe.de\/\" data-type=\"link\" data-id=\"https:\/\/www.kurasan-karlsruhe.de\/\" target=\"_blank\" rel=\"noreferrer noopener\">KURASAN-Physiotherapie<\/a><\/p><\/div>\n<\/div>\n\n\n\n<div class=\"wp-block-uagb-container uagb-block-5b5e3955\">\n<div class=\"wp-block-uagb-advanced-heading uagb-block-6b059ca3\"><p class=\"uagb-heading-text\">Mit Spotlight habe ich einen tollen Partner gefunden f\u00fcr die Beratung und Betreuung von trans Personen. Deren Expertise hat mich richtig weitergebracht. <\/p><\/div>\n\n\n\n<div class=\"wp-block-uagb-image aligncenter uagb-block-3fab6458 wp-block-uagb-image--layout-default wp-block-uagb-image--effect-static wp-block-uagb-image--align-center\"><figure class=\"wp-block-uagb-image__figure\"><img loading=\"lazy\" decoding=\"async\" srcset=\"https:\/\/diversity-health.de\/wp-content\/uploads\/2025\/05\/Spotlight-e1747256379760.jpg ,https:\/\/diversity-health.de\/wp-content\/uploads\/2025\/05\/Spotlight-e1747256379760.jpg 780w, https:\/\/diversity-health.de\/wp-content\/uploads\/2025\/05\/Spotlight-e1747256379760.jpg 360w\" sizes=\"auto, (max-width: 480px) 150px\" src=\"https:\/\/diversity-health.de\/wp-content\/uploads\/2025\/05\/Spotlight-e1747256379760.jpg\" alt=\"\" class=\"uag-image-2072\" width=\"51\" height=\"50\" title=\"Spotlight\" loading=\"lazy\" role=\"img\"\/><\/figure><\/div>\n\n\n\n<div class=\"wp-block-uagb-advanced-heading uagb-block-85c8d43c\"><p class=\"uagb-heading-text\"><a href=\"https:\/\/www.spotlight-pforzheim.de\" target=\"_blank\" rel=\"noreferrer noopener\">Spotlight Pforzheim<\/a><\/p><\/div>\n<\/div>\n\n\n\n<div class=\"wp-block-uagb-container uagb-block-e4287cf0\">\n<div class=\"wp-block-uagb-advanced-heading uagb-block-ec0b87c9\"><p class=\"uagb-heading-text\">Mit ZeSIA in Karlsruhe habe ich einen weiteren Partner zum Thema Diversity und Gesundheit an der Seite.<\/p><\/div>\n\n\n\n<div class=\"wp-block-uagb-image aligncenter uagb-block-a84cea63 wp-block-uagb-image--layout-default wp-block-uagb-image--effect-static wp-block-uagb-image--align-center\"><figure class=\"wp-block-uagb-image__figure\"><img loading=\"lazy\" decoding=\"async\" srcset=\"https:\/\/diversity-health.de\/wp-content\/uploads\/2025\/05\/ZeSIA.jpg ,https:\/\/diversity-health.de\/wp-content\/uploads\/2025\/05\/ZeSIA.jpg 780w, https:\/\/diversity-health.de\/wp-content\/uploads\/2025\/05\/ZeSIA.jpg 360w\" sizes=\"auto, (max-width: 480px) 150px\" src=\"https:\/\/diversity-health.de\/wp-content\/uploads\/2025\/05\/ZeSIA.jpg\" alt=\"\" class=\"uag-image-2081\" width=\"36\" height=\"52\" title=\"Screenshot\" loading=\"lazy\" role=\"img\"\/><\/figure><\/div>\n\n\n\n<div class=\"wp-block-uagb-advanced-heading uagb-block-6ae10adc\"><p class=\"uagb-heading-text\"><a href=\"https:\/\/www.zesia-ka.de\/de\" target=\"_blank\" rel=\"noreferrer noopener\">ZeSIA Karlsruhe<\/a><\/p><\/div>\n<\/div>\n<\/div>\n<\/div><\/div>\n\n\n\n<div class=\"wp-block-uagb-container uagb-block-47e6ca19 alignfull uagb-is-root-container\"><div class=\"uagb-container-inner-blocks-wrap\"><\/div><\/div>\n\n\n\n<p><\/p>\n","protected":false},"excerpt":{"rendered":"<p>Diversity &amp; Health Vielf\u00e4ltig gesund! Diversity Management &amp; BGM | Schulungen Gesundheitswesen Das Diversity-Management ist der entscheidende Schl\u00fcssel, um Menschen zu erreichen. Gerade im Gesundheitswesen und auch in anderen Branchen [&hellip;]<\/p>\n","protected":false},"author":1,"featured_media":0,"parent":0,"menu_order":0,"comment_status":"closed","ping_status":"closed","template":"","meta":{"_uag_custom_page_level_css":"","site-sidebar-layout":"no-sidebar","site-content-layout":"","ast-site-content-layout":"normal-width-container","site-content-style":"default","site-sidebar-style":"default","ast-global-header-display":"","ast-banner-title-visibility":"","ast-main-header-display":"","ast-hfb-above-header-display":"","ast-hfb-below-header-display":"","ast-hfb-mobile-header-display":"","site-post-title":"disabled","ast-breadcrumbs-content":"","ast-featured-img":"","footer-sml-layout":"","ast-disable-related-posts":"","theme-transparent-header-meta":"enabled","adv-header-id-meta":"","stick-header-meta":"","header-above-stick-meta":"","header-main-stick-meta":"","header-below-stick-meta":"","astra-migrate-meta-layouts":"default","ast-page-background-enabled":"default","ast-page-background-meta":{"desktop":{"background-color":"var(--ast-global-color-4)","background-image":"","background-repeat":"repeat","background-position":"center center","background-size":"auto","background-attachment":"scroll","background-type":"","background-media":"","overlay-type":"","overlay-color":"","overlay-opacity":"","overlay-gradient":""},"tablet":{"background-color":"","background-image":"","background-repeat":"repeat","background-position":"center center","background-size":"auto","background-attachment":"scroll","background-type":"","background-media":"","overlay-type":"","overlay-color":"","overlay-opacity":"","overlay-gradient":""},"mobile":{"background-color":"","background-image":"","background-repeat":"repeat","background-position":"center center","background-size":"auto","background-attachment":"scroll","background-type":"","background-media":"","overlay-type":"","overlay-color":"","overlay-opacity":"","overlay-gradient":""}},"ast-content-background-meta":{"desktop":{"background-color":"var(--ast-global-color-5)","background-image":"","background-repeat":"repeat","background-position":"center center","background-size":"auto","background-attachment":"scroll","background-type":"","background-media":"","overlay-type":"","overlay-color":"","overlay-opacity":"","overlay-gradient":""},"tablet":{"background-color":"var(--ast-global-color-5)","background-image":"","background-repeat":"repeat","background-position":"center center","background-size":"auto","background-attachment":"scroll","background-type":"","background-media":"","overlay-type":"","overlay-color":"","overlay-opacity":"","overlay-gradient":""},"mobile":{"background-color":"var(--ast-global-color-5)","background-image":"","background-repeat":"repeat","background-position":"center center","background-size":"auto","background-attachment":"scroll","background-type":"","background-media":"","overlay-type":"","overlay-color":"","overlay-opacity":"","overlay-gradient":""}},"footnotes":""},"class_list":["post-1847","page","type-page","status-publish","hentry"],"uagb_featured_image_src":{"full":false,"thumbnail":false,"medium":false,"medium_large":false,"large":false,"1536x1536":false,"2048x2048":false},"uagb_author_info":{"display_name":"admin","author_link":"https:\/\/diversity-health.de\/home\/author\/admin\/"},"uagb_comment_info":0,"uagb_excerpt":"Diversity &amp; Health Vielf\u00e4ltig gesund! Diversity Management &amp; BGM | Schulungen Gesundheitswesen Das Diversity-Management ist der entscheidende Schl\u00fcssel, um Menschen zu erreichen. Gerade im Gesundheitswesen und auch in anderen Branchen [&hellip;]","_links":{"self":[{"href":"https:\/\/diversity-health.de\/home\/wp-json\/wp\/v2\/pages\/1847","targetHints":{"allow":["GET"]}}],"collection":[{"href":"https:\/\/diversity-health.de\/home\/wp-json\/wp\/v2\/pages"}],"about":[{"href":"https:\/\/diversity-health.de\/home\/wp-json\/wp\/v2\/types\/page"}],"author":[{"embeddable":true,"href":"https:\/\/diversity-health.de\/home\/wp-json\/wp\/v2\/users\/1"}],"replies":[{"embeddable":true,"href":"https:\/\/diversity-health.de\/home\/wp-json\/wp\/v2\/comments?post=1847"}],"version-history":[{"count":33,"href":"https:\/\/diversity-health.de\/home\/wp-json\/wp\/v2\/pages\/1847\/revisions"}],"predecessor-version":[{"id":2212,"href":"https:\/\/diversity-health.de\/home\/wp-json\/wp\/v2\/pages\/1847\/revisions\/2212"}],"wp:attachment":[{"href":"https:\/\/diversity-health.de\/home\/wp-json\/wp\/v2\/media?parent=1847"}],"curies":[{"name":"wp","href":"https:\/\/api.w.org\/{rel}","templated":true}]}}